96 and 276237156.
4836
Calculate the greatest common divisor of 15499 and 2392482.
1409
What is the highest common factor of 46544805 and 18585?
2655
What is the greatest common factor of 169157 and 94977204?
8903
What is the greatest common factor of 71806740 and 12645?
4215
What is the greatest common factor of 3052925 and 18700?
25
Calculate the highest common factor of 117844 and 284.
4
Calculate the highest common factor of 659 and 1156166734.
659
What is the highest common factor of 46325230 and 793?
61
What is the highest common factor of 16186848 and 4922?
46
What is the greatest common factor of 3887566 and 111550?
194
Calculate the highest common factor of 168495 and 8295.
15
What is the highest common divisor of 745622 and 73?
73
Calculate the highest common divisor of 15448 and 208920683.
1931
Calculate the greatest common factor of 300 and 39511740.
60
Calculate the highest common divisor of 247382682 and 1237.
1237
Calculate the greatest common factor of 141052 and 3940.
788
Calculate the greatest common divisor of 710584 and 63.
7
What is the highest common divisor of 5056416 and 2848?
32
Calculate the greatest common factor of 230526 and 6792.
6
What is the greatest common divisor of 254116 and 2235466?
1258
Calculate the greatest common factor of 1056946 and 162961.
107
What is the highest common divisor of 2052 and 370348?
76
Calculate the highest common divisor of 30 and 2971065.
15
What is the highest common factor of 174660 and 903435?
615
What is the greatest common divisor of 66 and 22649802?
6
What is the highest common factor of 2943 and 31917?
3
What is the highest common factor of 60158 and 7406?
14
What is the highest common factor of 38480 and 2498795?
2405
What is the highest common factor of 4486185 and 322240?
5035
Calculate the highest common factor of 970940 and 26660.
860
Calculate the greatest common divisor of 112 and 244700624.
112
What is the highest common divisor of 41272 and 232365112?
3752
Calculate the highest common divisor of 56692953 and 138.
69
Calculate the highest common divisor of 150 and 2771430.
30
What is the highest common divisor of 3534703480 and 1886?
1886
What is the greatest common factor of 9 and 16477983?
9
Calculate the greatest common factor of 360 and 97095690.
90
What is the highest common factor of 77 and 122431463?
77
Calculate the highest common divisor of 3055 and 5569980.
65
What is the highest common divisor of 99 and 344135?
11
Calculate the highest common factor of 532004 and 1123672.
4972
What is the greatest common divisor of 28200 and 423075?
75
What is the greatest common divisor of 496 and 4176720?
16
Calculate the greatest common factor of 187778010 and 84.
42
Calculate the greatest common factor of 8852529 and 595.
119
Calculate the greatest common factor of 141 and 51417342.
141
Calculate the greatest common factor of 960 and 184991808.
192
Calculate the highest common factor of 1830 and 340736850.
1830
What is the greatest common factor of 27882 and 61002?
18
What is the greatest common divisor of 2784 and 9891291?
87
What is the greatest common factor of 18 and 52050062?
2
Calculate the highest common factor of 3356 and 15667486.
1678
Calculate the greatest common factor of 121 and 9388951.
11
What is the greatest common factor of 25047426 and 6885?
51
Calculate the highest common divisor of 876 and 18612007.
73
Calculate the highest common factor of 281746 and 23449.
179
Calculate the greatest common divisor of 160067 and 3127.
59
Calculate the greatest common factor of 8289 and 42262848.
2763
Calculate the highest common divisor of 15683463 and 831.
831
Calculate the greatest common divisor of 473 and 8782750.
43
Calculate the greatest common divisor of 10293330 and 850.
170
What is the highest common divisor of 16523 and 1050543?
533
Calculate the highest common factor of 1592088 and 30.
6
What is the greatest common factor of 6156 and 1920348?
324
Calculate the highest common factor of 21557000 and 25250.
250
What is the greatest common divisor of 10850 and 629650?
350
What is the greatest common factor of 45386 and 14839?
11
What is the highest common factor of 26532 and 86797964?
2948
Calculate the greatest common factor of 241832 and 4616.
8
Calculate the greatest common factor of 11650 and 7973650.
50
What is the greatest common factor of 8697 and 2701101?
39
What is the highest common divisor of 474300 and 7195410?
2790
What is the highest common divisor of 1307737 and 2?
1
Calculate the greatest common factor of 9117129 and 1394.
41
What is the highest common factor of 5697460 and 45765?
565
Calculate the greatest common divisor of 2203600 and 2044000.
2800
What is the highest common factor of 5893 and 4958001?
71
What is the highest common factor of 342 and 79174881?
171
Calculate the highest common divisor of 2881 and 106940107.
67
What is the greatest common divisor of 2210 and 996890?
10
What is the highest common divisor of 1818 and 506414?
202
What is the highest common factor of 271857 and 6?
3
Calculate the greatest common divisor of 63 and 13597563.
21
Calculate the greatest common factor of 204430 and 530.
10
What is the highest common factor of 182743 and 120332?
449
Calculate the greatest common divisor of 3108646 and 1311119.
1559
What is the greatest common factor of 1504783 and 13?
1
Calculate the greatest common divisor of 1235876 and 30652.
316
What is the highest common factor of 23855 and 16705?
65
Calculate the highest common factor of 5703830 and 374.
22
Calculate the greatest common divisor of 657546 and 295104.
174
Calculate the greatest common divisor of 475 and 14515525.
475
What is the greatest common divisor of 1797563 and 33527?
2579
What is the greatest common factor of 2759 and 61237607?
89
Calculate the greatest common divisor of 246874105 and 5.
5
Calculate the highest common divisor of 16030 and 62090.
70
What is the highest common factor of 125709 and 4317?
3
Calculate the highest common factor of 644 and 16318316.
644
What is the greatest common factor of 1235 and 25156365?
65
Calculate the greatest common divisor of 1995 and 199675.
35
Calculate the greatest common divisor of 324503158 and 150318.
16702
What is the greatest common divisor of 12422488 and 32?
8
What is the greatest common divisor of 362061 and 5229?
63
Calculate the greatest common factor of 39886 and 10780.
1078
What is the highest common factor of 340 and 86036660?
340
What is the highest common factor of 325945031 and 1413?
157
What is the greatest common factor of 133050749 and 103306?
7379
Calculate the highest common factor of 817544 and 26936.
728
Calculate the highest common factor of 533271 and 16837.
149
What is the greatest common divisor of 2856633 and 23867?
823
What is the greatest common factor of 101536 and 23872?
32
Calculate the greatest common divisor of 2803009 and 4884.
407
Calculate the greatest common factor of 41665 and 42445.
65
What is the greatest common factor of 87 and 32821243?
29
Calculate the greatest common divisor of 307773 and 191719781.
11399
What is the highest common divisor of 7831746 and 1872?
234
Calculate the highest common factor of 2220 and 1910865.
555
Calculate the highest common divisor of 5782 and 418605.
59
Calculate the highest common divisor of 7489306 and 4922.
46
What is the greatest common factor of 3818 and 688070?
166
What is the highest common divisor of 18684960 and 61320?
840
Calculate the greatest common factor of 604 and 10087706.
302
Calculate the greatest common factor of 27000727 and 1.
1
Calculate the highest common divisor of 30 and 525355.
5
What is the greatest common factor of 587640 and 317892?
708
What is the greatest common divisor of 11118 and 246534?
102
Calculate the greatest common factor of 572 and 16902292.
44
What is the highest common divisor of 5709 and 219680763?
519
Calculate the greatest common divisor of 2580 and 1188060.
60
What is the highest common factor of 29171259 and 923?
13
Calculate the greatest common factor of 3488 and 102112.
32
Calculate the greatest common factor of 908392414 and 2388.
398
Calculate the highest common factor of 312 and 5248204.
52
What is the greatest common divisor of 14382 and 444009?
141
Calculate the highest common divisor of 7